the remainder when 85498 is divided by 42744?
10
Calculate the remainder when 1064549 is divided by 27.
20
Calculate the remainder when 10973 is divided by 169.
157
Calculate the remainder when 32673 is divided by 504.
417
Calculate the remainder when 17546 is divided by 399.
389
What is the remainder when 501871 is divided by 56?
55
What is the remainder when 37744 is divided by 53?
8
What is the remainder when 15430 is divided by 7654?
122
What is the remainder when 327 is divided by 318?
9
What is the remainder when 9803 is divided by 409?
396
Calculate the remainder when 1786 is divided by 50.
36
Calculate the remainder when 50672 is divided by 246.
242
What is the remainder when 8306 is divided by 550?
56
Calculate the remainder when 207 is divided by 65.
12
Calculate the remainder when 23085 is divided by 12.
9
Calculate the remainder when 855 is divided by 285.
0
Calculate the remainder when 2507 is divided by 1116.
275
Calculate the remainder when 1094732 is divided by 210.
2
Calculate the remainder when 965 is divided by 265.
170
Calculate the remainder when 1305 is divided by 107.
21
Calculate the remainder when 125250 is divided by 41746.
12
What is the remainder when 18053 is divided by 138?
113
Calculate the remainder when 74862 is divided by 345.
342
What is the remainder when 3477 is divided by 646?
247
Calculate the remainder when 3904 is divided by 270.
124
What is the remainder when 14576 is divided by 7131?
314
What is the remainder when 11720 is divided by 327?
275
Calculate the remainder when 3469 is divided by 10.
9
What is the remainder when 1797948 is divided by 55?
53
Calculate the remainder when 4921 is divided by 1627.
40
What is the remainder when 9971 is divided by 47?
7
Calculate the remainder when 9023 is divided by 37.
32
What is the remainder when 28050 is divided by 390?
360
What is the remainder when 671032 is divided by 597?
4
What is the remainder when 29836 is divided by 373?
369
Calculate the remainder when 23598 is divided by 265.
13
Calculate the remainder when 16253 is divided by 54.
53
What is the remainder when 16154 is divided by 1233?
125
What is the remainder when 85117 is divided by 42558?
1
What is the remainder when 289250 is divided by 91?
52
What is the remainder when 37990 is divided by 9492?
22
What is the remainder when 42415 is divided by 13?
9
What is the remainder when 6948 is divided by 3387?
174
What is the remainder when 115367 is divided by 132?
131
Calculate the remainder when 804512 is divided by 929.
927
Calculate the remainder when 448147 is divided by 563.
562
What is the remainder when 6851 is divided by 18?
11
Calculate the remainder when 128 is divided by 53.
22
What is the remainder when 5963 is divided by 9?
5
What is the remainder when 178306 is divided by 845?
11
Calculate the remainder when 393 is divided by 45.
33
What is the remainder when 60289 is divided by 413?
404
Calculate the remainder when 53380 is divided by 177.
103
Calculate the remainder when 41683 is divided by 27.
22
Calculate the remainder when 15980 is divided by 100.
80
Calculate the remainder when 938391 is divided by 91.
90
Calculate the remainder when 4416 is divided by 271.
80
What is the remainder when 117894 is divided by 120?
54
What is the remainder when 284 is divided by 121?
42
Calculate the remainder when 948384 is divided by 135482.
10
What is the remainder when 1345 is divided by 241?
140
Calculate the remainder when 4628 is divided by 70.
8
Calculate the remainder when 8844 is divided by 155.
9
What is the remainder when 4141 is divided by 220?
181
What is the remainder when 16321 is divided by 5434?
19
Calculate the remainder when 222353 is divided by 503.
27
Calculate the remainder when 26384 is divided by 13186.
12
What is the remainder when 13748 is divided by 4579?
11
Calculate the remainder when 35022 is divided by 60.
42
Calculate the remainder when 15730 is divided by 95.
55
What is the remainder when 7103 is divided by 158?
151
What is the remainder when 69123 is divided by 23001?
120
What is the remainder when 4498 is divided by 2229?
40
Calculate the remainder when 537629 is divided by 179.
92
What is the remainder when 1795 is divided by 1333?
462
Calculate the remainder when 19086 is divided by 1060.
6
Calculate the remainder when 103782 is divided by 837.
831
Calculate the remainder when 397340 is divided by 644.
636
Calculate the remainder when 205517 is divided by 527.
514
What is the remainder when 3249 is divided by 2712?
537
Calculate the remainder when 98824 is divided by 17.
3
Calculate the remainder when 38194 is divided by 1417.
1352
What is the remainder when 100631 is divided by 93?
5
Calculate the remainder when 64263 is divided by 78.
69
Calculate the remainder when 19563 is divided by 20.
3
What is the remainder when 5419 is divided by 104?
11
Calculate the remainder when 4158 is divided by 881.
634
What is the remainder when 23019 is divided by 90?
69
What is the remainder when 23011 is divided by 23007?
4
Calculate the remainder when 11161 is divided by 658.
633
What is the remainder when 825439 is divided by 268?
267
What is the remainder when 952879 is divided by 43?
42
Calculate the remainder when 216 is divided by 60.
36
Calculate the remainder when 5286 is divided by 948.
546
What is the remainder when 42434 is divided by 66?
62
What is the remainder when 12864 is divided by 389?
27
Calculate the remainder when 96899 is divided by 496.
179
Calculate the remainder when 1769 is divided by 585.
14
Calculate the remainder when 98688 is divided by 49342.
4
What is the remainder when 2887 is divided by 410?
17
Calculate the remainder when 9030 is divided by 41.
10
What is the remainder when 24249 is divided by 48?
9
What is the remainder when 71199 is divided by 33?
18
Calculate the remainder when 19199 is divided by 30.
29
Calculate the remainder when 1674 is divided by 416.
10
Calculate the remainder when 1191896 is divided by 16.
8
What is the remainder when 921616 is divided by 92161?
6
Calculate the remainder when 151175 is divided by 118.
17
What is the remainder when 48239 is divided by 201?
200
What is the remainder when 7783 is divided by 648?
7
What is the remainder when 9894 is divided by 28?
10
Calculate the remainder when 22394 is divided by 7.
1
What is the remainder when 42031 is divided by 103?
7
What is the remainder when 5803 is divided by 2756?
291
Calculate the remainder when 10448 is divided by 279.
125
Calculate the remainder when 13006 is divided by 10.
6
Calculate the remainder when 3828 is divided by 904.
212
What is the remainder when 39317 is divided by 40?
37
What is the remainder when 50313 is divided by 22?
21
Calculate the remainder when 833 is divided by 39.
14
What is the remainder when 114605 is divided by 69?
65
Calculate the remainder when 96803 is divided by 61.
57
Calculate the remainder when 21800 is divided by 114.
26
Calculate the remainder when 11103 is divided by 106.
79
What is the remainder when 9219 is divided by 4601?
17
Calculate the remainder when 206929 is divided by 72.
1
What is the remainder when 26304 is divided by 18?
6
Calculate the remainder when 183869 is divided by 22983.
5
Calculate the remainder when 12571 is divided by 2.
1
Calculate the remainder when 1710 is divided by 184.
54
What is the remainder when 3106 is divided by 383?
42
What is the remainder when 6967 is divided by 65?
12
What is the remainder when 126767 is divided by 95?
37
What is the remainder when 22178 is divided by 38?
24
Calculate the remainder when 125 is divided by 26.
21
Calculate the remainder when 25913 is divided by 730.
363
What is the remainder when 10718 is divided by 313?
76
What is the remainder when 2079 is divided by 484?
143
What is the remainder when 1995 is divided by 243?
51
What is the remainder when 2702 is divided by 810?
272
Calculate the remainder when 2446352 is divided by 59.
35
Calculate the remainder when 91856 is divided by 22960.
16
Calculate the remainder when 56444 is divided by 18.
14
What is the remainder when 26938 is divided by 129?
106
Calculate the remainder when 148347 is divided by 258.
255
Calculate the remainder when 10017 is divided by 229.
170
What is the remainder when 905714 is div